e factors of l?
13
Suppose 5*u - 1115 = -2*o, -4*u + 0*o + o = -892. List the prime factors of u.
223
Suppose 21 - 100 = u. Let d = u + 147. What are the prime factors of d?
2, 17
Let w = -2 + 2. Suppose 28 = 2*s - w*s. What are the prime factors of s?
2, 7
Suppose -6*i - 6 = -30. Let x(t) = 36*t - 14. List the prime factors of x(i).
2, 5, 13
Let v be (1 - -2) + (-8 - -2). What are the prime factors of 207/v*7/(-7)?
3, 23
Let r = 897 - 573. List the prime factors of r.
2, 3
Suppose -6 = 4*w - 7*w. Let m(h) = h**3 - h**2 - h + 1. Let p be m(w). Suppose 0 = -t + p*o + 63, 0*o = t + o - 51. What are the prime factors of t?
2, 3
Let h(j) = -157*j - 6. What are the prime factors of h(-1)?
151
Let i(w) = 48*w + 23. Suppose -x + m - 24 = -5*x, 2*m + 24 = 4*x. What are the prime factors of i(x)?
311
Suppose 3*f - 7*f = -16. Suppose 5*v = -f*o + 279, 4*v + 318 = -2*o + 7*o. What are the prime factors of o?
2, 3, 11
Let q(b) = 39*b**3 + 8*b**2 + 13*b - 52. What are the prime factors of q(3)?
2, 139
Let y(q) = q + 1. Let b be y(-3). What are the prime factors of (-38)/(2 + -2 + b)?
19
Let y(n) = -4*n + 3 + 21*n + 1. List the prime factors of y(3).
5, 11
Suppose 2*r = -8 + 2, 2*y - 2*r = 22. Suppose -3*x + 2*i = -8*x + 21, -2*x + y = i. Suppose x*l + 63 = 3*v + l, -105 = -5*v - 5*l. List the prime factors of v.
3, 7
Let d = 44 + -41. Suppose 3*s + d*y - 71 = 2*s, 4*s = y + 219. What are the prime factors of s?
2, 7
Let f be ((-126)/27)/(-2 - (-8)/6). Suppose 4*p - 517 = -f*p. What are the prime factors of p?
47
Let g be (-6)/2 - (0 - 62). Suppose -d + 2*d - g = 0. List the prime factors of d.
59
Let k = -61 - -270. What are the prime factors of k?
11, 19
Let m be (-4)/(-8) - (-141)/2. Let f = m + -51. Suppose -f = -2*j + 60. List the prime factors of j.
2, 5
Let n(i) = i**2 - 5*i - 6. Let s be n(5). Let d(g) = g**3 + 6*g**2 + g + 6. Let j be d(s). Suppose 0 = x - j*x - 28. List the prime factors of x.
2, 7
Let v(u) = u**3 + 5*u**2 - u - 1. Let a be v(-5). Suppose -3*x - 235 = -4*b, -a*x - 130 = -2*b - 0*x. What are the prime factors of b?
5, 11
Suppose -6*a + 65 = -a. Suppose -5*l = a + 17. What are the prime factors of 1/(-2)*(l + 0)?
3
Let l be 4/6*(-15)/10*0. Suppose 3*f + 12 = 3*v - v, -4*v - f + 38 = l. What are the prime factors of v?
3
What are the prime factors of 12188/44*3/(6/14)?
7, 277
Let y(t) = -3 + 4*t + 2*t - 2 + t**2. Let z be y(-8). Suppose -z = -3*v + 2*v. List the prime factors of v.
11
Suppose -2*b + 894 = -2*m + 3178, 0 = -5*m - b + 5704. What are the prime factors of m?
7, 163
Let i(l) = -21*l + 20*l + 6 + 3. Let x be i(5). Suppose -159 = -x*r + 25. What are the prime factors of r?
2, 23
Suppose 3*g = 4*t + 109 + 1079, 0 = -5*g + 2*t + 1994. Suppose 2*i - 369 = -5*n + 34, g = 2*i + 2*n. List the prime factors of i.
199
Let r be (1/3)/(7/(-525)). Let o = 27 + r. Suppose -20 = -q - o. What are the prime factors of q?
2, 3
Let c(z) = 25*z**3 + 7*z. Let l(o) = 13*o**3 + 3*o. Let r(n) = 2*c(n) - 5*l(n). List the prime factors of r(-1).
2
Let z be (-522)/(-4) + 6/(-12). Suppose 325 = 5*u + z. What are the prime factors of u?
3, 13
List the prime factors of 61 - ((-20 - -7) + 22).
2, 13
Let d = -1 + 23. Suppose 3 = -w - 2*s - s, w = 2*s + 2. Suppose w = d*k - 17*k - 10. List the prime factors of k.
2
Let h be 9/36 + 51/4. Let y = h - 12. Suppose -b + y + 17 = 0. List the prime factors of b.
2, 3
Suppose 0*q - 7*q + 2807 = 0. List the prime factors of q.
401
Suppose 3*s = 5*s + 18. Let z be (-16)/(-12) + (-6)/s. Suppose 4*j = 12, 5*h - z*j - 94 = h. List the prime factors of h.
5
Let x be (15/5)/((-6)/10). List the prime factors of (x/30*-9)/(3/62).
31
Suppose -10*t + 6*t = -356. Suppose 241 = 4*v + t. What are the prime factors of v?
2, 19
Suppose -4*t + 68 = 2*y, 95 = 2*y - 5*t - 0*t. What are the prime factors of y?
2, 5
Suppose 9 = -5*i + 8*i. Suppose i*m = m + 22. List the prime factors of (-18)/99 - (-178)/m.
2
Let u = 649 - 287. List the prime factors of (u/(-3))/(18/(-27)).
181
Suppose 4*a = -0*a + 20. Suppose -120 = -5*s + a*w, -96 = -4*s + 5*w - 0. List the prime factors of s.
2, 3
Suppose 0 = 5*f - 2*p - 8941, -5*f - 2*p + 4365 + 4564 = 0. List the prime factors of f.
1787
Let c(f) = 77*f**3 + 2*f**2 - 2*f. Suppose -3*j + 39 - 36 = 0. What are the prime factors of c(j)?
7, 11
Let q be (-14)/(-2)*24/14. Suppose -4 = -3*w + v, -w - 3*v = w + q. Suppose w*z = z - 14. What are the prime factors of z?
2, 7
Suppose -3*m + 0 - 21 = 0. Let p = m - -11. Suppose 8 = -p*f, 0*a + 3*a + 2*f = 62. List the prime factors of a.
2, 11
Let c(x) = 17*x**2 + 2. Suppose 0 = -2*q + 5*n + 29, -23 = -4*q - 0*q + 3*n. What are the prime factors of c(q)?
2, 5, 7
Let o be (15/30)/(2 + (-21)/10). Let i(v) be the third derivative of -v**6/120 - v**5/15 + v**4/8 - v**3/6 + v**2. List the prime factors of i(o).
3
Suppose 17*j + 3324 = 23*j. List the prime factors of j.
2, 277
Let o(w) be the third derivative of 10*w**2 + 0*w + 0 + 7/6*w**3 - 1/60*w**5 + 1/3*w**4. List the prime factors of o(7).
2, 7
Let l = 471 + 38. What are the prime factors of l?
509
Suppose z - 3 + 0 = 0. Suppose h + 36 = z*h. List the prime factors of h.
2, 3
Let z(g) = -g**3 + 25*g**2 + 18*g - 294. List the prime factors of z(24).
2, 3, 7, 17
Let h(z) = 24*z**2 + 2*z + 52. What are the prime factors of h(-8)?
2, 3, 131
Suppose 5*a - 69 - 506 = 0. What are the prime factors of a?
5, 23
Suppose 2*i - i + 1720 = 2*d, 2*d - 1712 = -i. What are the prime factors of d?
2, 3, 11, 13
Suppose 150 = l - 711. List the prime factors of l.
3, 7, 41
Let s(w) = -w**3 + 12*w**2 + 30*w - 20. Let h be s(16). List the prime factors of (h/16)/(12/(-32)).
2, 47
Let p(t) = -13*t**3 + 9*t**2 + t + 16. Let l(r) = -7*r**3 + 5*r**2 + 8. Let d(b) = -7*l(b) + 4*p(b). List the prime factors of d(-4).
2, 5
Let v = 961 - 416. List the prime factors of v.
5, 109
Let a(w) = -w**3 - 30*w - 14. What are the prime factors of a(-9)?
5, 197
Let n = 20 - 8. Let d = n - -108. What are the prime factors of d?
2, 3, 5
Suppose 6*n + 264 = k + n, k + 2*n - 299 = 0. What are the prime factors of k?
17
Let y(p) = p**3 - 12*p**2 - p + 15. Let d be y(12). Let q be ((-54)/(-1))/(8 - 6). Suppose d*v - q = 24. What are the prime factors of v?
17
Let y(u) be the first derivative of -4*u**2 + 11*u + 9. What are the prime factors of y(-6)?
59
Let y = -5 + 8. Suppose 2*b + 2*b + 152 = 3*i, 156 = y*i - 3*b. List the prime factors of i.
2, 7
Suppose 21 = -2*w + 5*v, 7*w - 3*w - 5*v = -17. Let a(s) = 4*s**2 - 13*s**w - 6 - 7*s + s**3 + 20*s**2. List the prime factors of a(-11).
71
Suppose g - 751 = -3*m - 0*g, g - 1255 = -5*m. Let y = 430 - m. What are the prime factors of y?
2, 89
Let p = -38 + 17. What are the prime factors of ((-6)/9)/(2/p)?
7
Let q be (-2 + 2 - 2) + 4. Suppose -3*n - o + 6*o = 15, q*n - o + 3 = 0. Let f = n - -28. What are the prime factors of f?
2, 7
Let q(v) be the second derivative of -v**5/20 + v**4/2 + 3*v**3/2 - v**2 - v. Let n be (0 - (4 + -3))/(2/(-14)). List the prime factors of q(n).
2, 3
Let p(r) be the first derivative of -7*r**4 - r**3/3 + r**2/2 + r - 10. Let n(x) = -x + 3. Let k be n(4). What are the prime factors of p(k)?
3
Suppose 0 = 2*d - 6*d + 3*x + 7704, -5*x + 20 = 0. List the prime factors of d.
3, 643
Suppose -5*i + 36 = 2*r - 133, 2*r = -2*i + 64. Let k = -21 + i. Let h = k - -18. List the prime factors of h.
2
Suppose -56*h = -52*h - 9836. List the prime factors of h.
2459
Let f(o) = o - 2. Let z be f(-3). Let r(n) = n**3 + 6*n**2 + 5*n + 1. Let q be r(z). List the prime factors of (75/6)/(q/2).
5
Let n be (12/8)/(9/(-84)). Let y = n + 18. Suppose -y*c + 260 = c. List the prime factors of c.
2, 13
Suppose 2*f - 5*g = 2671, 17*f = 19*f + g - 2701. What are the prime factors of f?
2, 337
Let r(u) = u**3 - u + 77. Let w = -28 - -30. Let x be (w + -2 - -1)*0. List the prime factors of r(x).
7, 11
Suppose w = -5*n + 1347, -4*n = 8*w - 7*w - 1342. List the prime factors of w.
2, 661
Let j(b) = 4*b**2 - 105*b - 53. List the prime factors of j(41).
2, 7, 13
Suppose -2 = 3*v - 11. Suppose -5*a = -4*u + 36, 5*a + 2 + 6 = -v*u. List the prime factors of (a - -7)*2/3.
2
Suppose -5*k - 265 = -20. Let q = k + 84. List the prime factors of q.
5, 7
List the prime factors of 2/6 - (130496/(-48))/4.
2, 5, 17
Le